is divided by 28?
22
Calculate the remainder when 346 is divided by 117.
112
What is the remainder when 219 is divided by 116?
103
Calculate the remainder when 589 is divided by 85.
79
Calculate the remainder when 370 is divided by 63.
55
Calculate the remainder when 1633 is divided by 270.
13
Calculate the remainder when 293 is divided by 42.
41
Calculate the remainder when 470 is divided by 122.
104
What is the remainder when 64 is divided by 1?
0
What is the remainder when 169 is divided by 17?
16
What is the remainder when 134 is divided by 8?
6
Calculate the remainder when 1423 is divided by 16.
15
Calculate the remainder when 1014 is divided by 70.
34
Calculate the remainder when 894 is divided by 30.
24
What is the remainder when 147 is divided by 8?
3
Calculate the remainder when 44798 is divided by 350.
348
Calculate the remainder when 1271 is divided by 67.
65
Calculate the remainder when 62 is divided by 45.
17
What is the remainder when 348 is divided by 332?
16
What is the remainder when 447 is divided by 15?
12
Calculate the remainder when 78 is divided by 12.
6
Calculate the remainder when 165 is divided by 17.
12
What is the remainder when 14 is divided by 7?
0
What is the remainder when 781 is divided by 14?
11
What is the remainder when 304 is divided by 51?
49
Calculate the remainder when 252 is divided by 51.
48
What is the remainder when 6767 is divided by 22?
13
What is the remainder when 1010 is divided by 34?
24
What is the remainder when 89 is divided by 89?
0
Calculate the remainder when 975 is divided by 290.
105
What is the remainder when 24483 is divided by 318?
315
Calculate the remainder when 21058 is divided by 30.
28
What is the remainder when 5668 is divided by 7?
5
What is the remainder when 502 is divided by 42?
40
Calculate the remainder when 451 is divided by 19.
14
Calculate the remainder when 156 is divided by 101.
55
Calculate the remainder when 61 is divided by 9.
7
Calculate the remainder when 9556 is divided by 59.
57
What is the remainder when 504 is divided by 68?
28
What is the remainder when 910 is divided by 38?
36
What is the remainder when 341 is divided by 63?
26
What is the remainder when 1046 is divided by 66?
56
Calculate the remainder when 88 is divided by 35.
18
Calculate the remainder when 24 is divided by 5.
4
Calculate the remainder when 842 is divided by 129.
68
What is the remainder when 192 is divided by 39?
36
What is the remainder when 1213 is divided by 16?
13
Calculate the remainder when 294 is divided by 99.
96
Calculate the remainder when 2617 is divided by 14.
13
Calculate the remainder when 75 is divided by 57.
18
What is the remainder when 873 is divided by 126?
117
What is the remainder when 63 is divided by 32?
31
What is the remainder when 414 is divided by 34?
6
Calculate the remainder when 1323 is divided by 36.
27
Calculate the remainder when 3310 is divided by 48.
46
What is the remainder when 358 is divided by 33?
28
Calculate the remainder when 271 is divided by 68.
67
What is the remainder when 861 is divided by 285?
6
What is the remainder when 48 is divided by 19?
10
Calculate the remainder when 213 is divided by 43.
41
Calculate the remainder when 116 is divided by 55.
6
Calculate the remainder when 459 is divided by 62.
25
Calculate the remainder when 426 is divided by 4.
2
Calculate the remainder when 1543 is divided by 74.
63
What is the remainder when 1091 is divided by 23?
10
Calculate the remainder when 641 is divided by 17.
12
What is the remainder when 560 is divided by 110?
10
What is the remainder when 13 is divided by 5?
3
Calculate the remainder when 611 is divided by 17.
16
Calculate the remainder when 149 is divided by 56.
37
What is the remainder when 48 is divided by 26?
22
What is the remainder when 357 is divided by 55?
27
Calculate the remainder when 2139 is divided by 128.
91
What is the remainder when 4730 is divided by 1?
0
Calculate the remainder when 753 is divided by 108.
105
What is the remainder when 5504 is divided by 108?
104
Calculate the remainder when 1663 is divided by 319.
68
Calculate the remainder when 107 is divided by 38.
31
Calculate the remainder when 554 is divided by 36.
14
What is the remainder when 975 is divided by 20?
15
What is the remainder when 75 is divided by 16?
11
What is the remainder when 133 is divided by 40?
13
Calculate the remainder when 760 is divided by 179.
44
Calculate the remainder when 143 is divided by 17.
7
What is the remainder when 2299 is divided by 20?
19
What is the remainder when 394 is divided by 80?
74
Calculate the remainder when 277 is divided by 13.
4
Calculate the remainder when 236 is divided by 15.
11
Calculate the remainder when 2890 is divided by 18.
10
Calculate the remainder when 220 is divided by 45.
40
What is the remainder when 381 is divided by 65?
56
What is the remainder when 1377 is divided by 7?
5
Calculate the remainder when 99 is divided by 10.
9
Calculate the remainder when 245 is divided by 41.
40
What is the remainder when 106 is divided by 10?
6
Calculate the remainder when 1406 is divided by 7.
6
What is the remainder when 1482 is divided by 93?
87
What is the remainder when 249 is divided by 9?
6
Calculate the remainder when 2412 is divided by 16.
12
What is the remainder when 5666 is divided by 809?
3
What is the remainder when 230 is divided by 79?
72
Calculate the remainder when 369 is divided by 196.
173
What is the remainder when 575 is divided by 10?
5
What is the remainder when 382 is divided by 16?
14
Calculate the remainder when 2468 is divided by 19.
17
Calculate the remainder when 4210 is divided by 54.
52
Calculate the remainder when 1108 is divided by 146.
86
What is the remainder when 12978 is divided by 10?
8
What is the remainder when 433 is divided by 167?
99
What is the remainder when 22 is divided by 6?
4
Calculate the remainder when 343 is divided by 43.
42
What is the remainder when 134 is divided by 36?
26
Calculate the remainder when 372 is divided by 365.
7
What is the remainder when 256 is divided by 72?
40
What is the remainder when 89 is divided by 47?
42
Calculate the remainder when 39 is divided by 26.
13
Calculate the remainder when 1827 is divided by 122.
119
What is the remainder when 444 is divided by 49?
3
Calculate the remainder when 368 is divided by 31.
27
What is the remainder when 960 is divided by 57?
48
Calculate the remainder when 207 is divided by 55.
42
Calculate the remainder when 201 is divided by 15.
6
Calculate the remainder when 2180 is divided by 56.
52
What is the remainder when 99 is divided by 10?
9
Calculate the remainder when 106 is divided by 40.
26
What is the remainder when 82 is divided by 66?
16
Calculate the remainder when 3270 is divided by 42.
36
Calculate the remainder when 676 is divided by 115.
101
Calculate the remainder when 8860 is divided by 16.
12
What is the remainder when 226 is divided by 24?
10
What is the remainder when 113 is divided by 12?
5
Calculate the remainder when 898 is divided by 29.
28
Calculate the remainder when 55486 is divided by 32.
30
What is the remainder when 315 is divided by 81?
72
Calculate the remainder when 139 is divided by 126.
13
Calculate the remainder when 134 is divided by 38.
20
What is the remainder when 34 is divided by 6?
4
What is the remainder when 189 is divided by 90?
9
What is the remainder when 1261 is divided by 79?
76
Calculate the remainder when 494 is divided by 11.
10
What is the remainder when 613 is divided by 207?
199
Calculate the remainder when 54 is divided by 31.
23
What is the remainder when 333 is divided by 9?
0
Calculate the remainder when 123 is divided by 9.
6
Calculate the remainder when 949 is divided by 257.
178
Calculate the remainder when 366 is divided by 62.
56
Calculate the remainder when 48 is divided by 8.
0
What is the remainder when 700 is divided by 225?
25
What is the remainder when 5939 is divided by 20?
19
Calculate the remainder when 172 is divided by 87.
85
Calculate the remainder when 52 is divided by 14.
10
Calculate the remainder when 103 is divided by 42.
19
What is the remainder when 1289 is divided by 35?
29
What is the remainder when 1951 is divided by 648?
7
What is the remainder when 484 is divided